- -264. Suppose -p + w = p. Calculate the remainder when p is divided by 17.
14
Suppose 0 = -5*g + 8*y - 6*y + 395, 0 = -2*g - 4*y + 134. What is the remainder when g is divided by 31?
15
Let j(l) = -l**2 - 12*l + 12. Calculate the remainder when 59 is divided by j(-8).
15
Calculate the remainder when 248 is divided by (-23 - -3)*21/(-5).
80
Calculate the remainder when 77 is divided by 110/5 - (4 - 2).
17
Let f(z) = -z**3 - 2*z**2 + z + 2. Let o(d) = 4*d**3 + 7*d**2 - 5*d - 9. Let g(x) = 9*f(x) + 2*o(x). What is the remainder when 13 is divided by g(-4)?
1
Suppose 14*t = 472 + 410. What is the remainder when 248 is divided by t?
59
Let a(t) = 4*t**2 + 3*t + 1. Let u be a(2). Let m = u + 1. Calculate the remainder when 67 is divided by m.
19
Suppose -4 = -x - 5*l, -3*x + 6*x - l - 12 = 0. Suppose x*d + 12 = 8*d. Calculate the remainder when 5 is divided by d.
2
Suppose 6*a - 9 = 93. Let r = a - 8. What is the remainder when 17 is divided by r?
8
Suppose 2*o = 3*l + 2*l - 492, 4*l + 5*o - 387 = 0. Suppose -10*h + 112 = -l. Calculate the remainder when h is divided by 11.
10
Let t = -3 - -7. Let o = -21 - -46. What is the remainder when o is divided by t?
1
Let n = 107 + -94. What is the remainder when 113 is divided by n?
9
Suppose 2*g = -2*g + 72. Let d = g - -3. What is the remainder when (2/2)/((-1)/(-103)) is divided by d?
19
Suppose 0*f = -10*f + 120. What is the remainder when f is divided by 7?
5
Suppose -4*f + 4*j = -69 - 151, 220 = 4*f + j. Let u = f - -4. Calculate the remainder when 113 is divided by u.
54
Let v be (-4)/(-10)*270/3. Let s = 288 - v. Suppose -2*x + s = 2*x. What is the remainder when x is divided by 33?
30
Let w(j) be the second derivative of 6*j**2 - 1/6*j**3 - 3/4*j**4 + 0 - 1/20*j**5 - 7*j. What is the remainder when w(-9) is divided by 8?
5
Let k = 27 + -12. Let w(v) = 4*v + 14. Let l(a) = 18*a**2 + a. Calculate the remainder when w(k) is divided by l(1).
17
Let p(o) = o**3 - 5*o**2 - 11*o + 5. Let j be (-4 + 1 - -3)/(-1). Suppose 0*t - 2*t + 102 = j. Calculate the remainder when t is divided by p(7).
25
Let b = 84 + -23. Let p = b + -10. Calculate the remainder when p is divided by 13.
12
Let t(l) = l - 19*l**2 - 11 - 6*l - 15*l**2 + 36*l**2. What is the remainder when 60 is divided by t(6)?
29
Suppose -d - 385 = 3*x - 0*d, 0 = -5*d - 5. Let a = -75 - x. Let b(o) = 4*o**2 + 20*o + 19. What is the remainder when a is divided by b(-5)?
15
Suppose -41 = -d - 40. Let p(b) = 19*b - 2. Calculate the remainder when 64 is divided by p(d).
13
Let c(t) = t**2 + 9*t + 10. Let m be c(-8). Calculate the remainder when -10*(3 + m + (-174)/10) is divided by 21.
19
Suppose 2*u - 17 = 13. What is the remainder when u is divided by 2?
1
Let f = 1743 - 1724. Calculate the remainder when f is divided by 10.
9
What is the remainder when 35 is divided by -4 + (-1 - -9) - 8/(-4)?
5
Let a = 13 - 12. Let l(m) = -4*m**2 + 4*m + 5*m**2 + 2 - 2*m**2 - a. Calculate the remainder when 9 is divided by l(3).
1
Suppose 24*u = -1802 + 22274. Calculate the remainder when u is divided by 22.
17
Suppose 755 = 5*r - 3*d, 0*d = 4*d + 20. Suppose 2*o - 6*o = -r. Suppose -112 = -p - 4. What is the remainder when p is divided by o?
34
Let l be (-1)/2 - 40/(-16). Let r(p) = -p + 6 - 2*p**2 + 3*p**l + 4 - 4*p. Calculate the remainder when r(6) is divided by 3.
1
Let m(t) = t**3 - 4*t**2 - 2*t + 4. Let k(o) = -o**3 + 3*o**2 + 5*o + 5. Let r be k(-5). Suppose 3*j + 2*j = r. What is the remainder when j is divided by m(5)?
17
Let z be ((-1)/(-1)*1)/(-1) - -1. Suppose z = y - 36 + 7. What is the remainder when 55 is divided by y?
26
What is the remainder when 199 is divided by 3*(2 - ((-304)/(-12))/(-4))?
24
Let x = -111 + 117. Calculate the remainder when 59 is divided by x.
5
Let h = -22 + 22. Suppose h = 2*j - 10*j. Suppose -2*a + 46 = -j*a. Calculate the remainder when 67 is divided by a.
21
Let b(n) be the first derivative of 2*n**3/3 - 5*n**2/2 - 4*n - 1. Suppose -37 = -7*u - 9. What is the remainder when 38 is divided by b(u)?
6
Let f(k) = k**2 + 4*k - 161. Calculate the remainder when f(-21) is divided by 99.
97
Let j = -21 - -11. Let f = j - -21. Calculate the remainder when 46 is divided by f.
2
Let a(q) = q**3 + 7*q**2 - 3*q - 5. Let o be a(-7). What is the remainder when 34 is divided by o/6*117/26?
10
Suppose -5*k + 80 = 5*f, -4*k + 56 = 5*f - 5*k. Suppose -2*y = -y - 34. Calculate the remainder when y is divided by f.
10
Let n = -53 - -55. Let h(s) = 7*s**2 - 4*s - 4. What is the remainder when h(-1) is divided by n?
1
Suppose 3*g = 3*q + g - 9, -3*g = -3*q + 6. Let j(k) = 7*k - 10. Calculate the remainder when j(q) is divided by 14.
11
Let n(z) = z**3 - 18*z**2 + 59*z - 16. Calculate the remainder when 48 is divided by n(14).
22
Calculate the remainder when ((-376)/10)/(4*(-5)/50) is divided by (-2)/6 - (-58)/3.
18
Let m(n) = -n**2 - 13*n + 6. Let f be m(-10). Calculate the remainder when 62 is divided by 1146/f + 2/12.
30
Calculate the remainder when 168 is divided by (-8 + 57/7)*287.
4
Let g be 1 + 6 - 12/4. Suppose -g*x - 5*t + 3*t - 52 = 0, 5*x - 5*t + 65 = 0. Let p = x + 22. What is the remainder when 15 is divided by p?
6
Let h(k) = -10*k - 8. Calculate the remainder when 3 is divided by h(-1).
1
What is the remainder when 49 is divided by 13*2/8*12?
10
Suppose 0 = d + d - 266. Let f = -1451 + 1639. Let m = f - d. Calculate the remainder when m is divided by 19.
17
Suppose 230 = 5*a - 2*a + 5*c, -a - 4*c + 65 = 0. Calculate the remainder when a is divided by 21.
1
Let c(h) = -2*h + 24. Let p be c(10). Calculate the remainder when (-5 + 0)/(p/(-36)) is divided by 12.
9
Let s be 30/15 + 0 + -18. Let m(v) = -6*v - 6. Let u be m(s). Let l = u + -43. Calculate the remainder when l is divided by 17.
13
Let c(g) be the second derivative of g**5/20 - g**4 - 11*g**3/6 + 3*g**2 + 13*g. What is the remainder when c(13) is divided by 12?
8
Suppose 2*u + 6*k - 3*k = 21, 33 = 3*u + 5*k. Suppose 10 = u*p - 20. Calculate the remainder when p is divided by 3.
2
Let m(k) = 5*k**3 + k**2 - k + 1. Let x be m(1). Suppose -8*v = -x*v - 218. Let f(c) = c**2 - 7*c - 16. Calculate the remainder when v is divided by f(11).
25
Suppose 5*i = 9*i - 40. What is the remainder when ((-126)/(-10))/(3/i) is divided by 11?
9
Let l(h) = -8*h. Suppose 0 = -4*j + 5*j + 1. Let v be l(j). What is the remainder when 38 is divided by (v + -3)/(2/8)?
18
Let h(o) = -o**2 + 16*o - 27. What is the remainder when h(10) is divided by 2/(-16) + 145/8?
15
Suppose -15*n = -3125 - 4525. Calculate the remainder when n is divided by 27.
24
Let x(r) = 10*r**3 - 10*r**2 + 15*r - 45. Calculate the remainder when x(4) is divided by 62.
61
Suppose -4*s + 35 = 5*h, -4 = 2*h + s - 3*s. Suppose -p = -c + 157, h*c - 7*c = -p - 631. Calculate the remainder when c is divided by 23.
20
Suppose -546 = 7*w - w. Let h = 107 + w. Calculate the remainder when 37 is divided by h.
5
Let p(g) = -g**2 - 16*g + 41. Calculate the remainder when 51 is divided by p(0).
10
Suppose -16*d + 54 = -330. What is the remainder when d is divided by 12?
0
Suppose 0 = -7*g + 29 + 20. Let l = -52 + 78. Calculate the remainder when l is divided by g.
5
Let p(s) = 7*s**2 + 10*s + 21. What is the remainder when p(-4) is divided by 5?
3
Calculate the remainder when 15/1*4/24*20 is divided by 16.
2
Let x(c) = 6*c + 10. What is the remainder when x(7) is divided by 24?
4
Let a = -118 + -27. Let y = -103 - a. Calculate the remainder when y is divided by 15.
12
Let p(q) = -2*q**2 + 79*q - 59. Suppose 2*n - 6*n = -436. What is the remainder when n is divided by p(38)?
54
Let f = -84 + 40. Let i = -5 - f. Calculate the remainder when i is divided by 14.
11
Let a = 105 + -169. Suppose 5*m + 2*u = -103, 3*m - u + 72 = -m. Let q = m - a. What is the remainder when q is divided by 12?
9
What is the remainder when 10 is divided by 3 - (0/(-1 + 0) + -2)?
0
What is the remainder when 5 is divided by 10/(-35)*(-7 + 0)?
1
Let a = 71 - 89. What is the remainder when 6*(-2)/a*42 is divided by 10?
8
Suppose 3*r - 60 = 3*g, 3*r - 18 = g + 40. What is the remainder when ((-22)/33)/((-2)/111) is divided by r?
18
Let a = -4 + -8. Let d = 8 - a. Let x = -22 + 59. What is the remainder when x is divided by d?
17
Let p(g) = -2*g. Let h be 6/(-27) + 14